7*w = 139 - 412. What is the remainder when 148 is divided by w?
31
Suppose 5*q - 350 = -0*q. Let y(a) = -a**2 - 6*a. Let f be y(-5). Suppose 2*b = -2*p - 2*p + q, 86 = f*p + 3*b. What is the remainder when 37 is divided by p?
18
Suppose 3*t = 1093 - 370. Calculate the remainder when t is divided by ((-30)/8 - 36/(-48))/(3/(-61)).
58
Let i(h) = -h + 2. Let t be i(2). Suppose -5*j - 30 = -3*j - 5*a, 3*j + 3*a + 24 = t. What is the remainder when ((-45)/2)/9*j is divided by 13?
12
Let i(w) = -w**3 + 11*w**2 - 7*w - 48. What is the remainder when i(9) is divided by 9?
6
Let v(y) = -y**2 - 4*y + 1. Let o be v(-3). Suppose 4*s - 5*p - 63 = 2*s, 2*p = -o*s + 90. What is the remainder when 47 is divided by s?
23
Suppose -24 - 21 = -5*r. Suppose a + 0*a - 48 = -f, -3*a + 150 = f. What is the remainder when a is divided by r?
6
Let u = 103 - 21. Suppose u = 6*v - 44. What is the remainder when 80 is divided by v?
17
Let j(h) = -187*h - 527. What is the remainder when j(-5) is divided by 82?
80
Suppose 124*h = 26*h - 13034. Let w = -22 + 44. What is the remainder when (w/77)/((-1)/h) is divided by 13?
12
Suppose -h - d = -1 - 15, 4*d = 3*h - 20. Let r(t) = 2*t - 20. Let m be r(h). What is the remainder when 6 + -2 - 8/m is divided by 1?
0
Calculate the remainder when 262 is divided by ((-462)/9 - 0)*318/(-371).
42
Suppose -16 = -z + 39. Suppose 0 = -7*s + 29 + z. Calculate the remainder when 57 is divided by s.
9
Suppose -3*g - 107 = y, -4*g + 3*y - 99 = -g. Let q be ((-336)/g)/((-6)/(-20)). Suppose o - q = -o. Calculate the remainder when 63 is divided by o.
15
Let p(z) = -26*z - 548. Calculate the remainder when 314 is divided by p(-27).
6
Let f(s) = s + 30. Let w be f(8). Suppose 4*u - w - 14 = 0. What is the remainder when 62 is divided by u?
10
Suppose 4029 = 54*i + 843. What is the remainder when 102 is divided by i?
43
Calculate the remainder when 68 is divided by (20/(-12) - -1)/(2/(-93)).
6
Suppose -2*x - 3*y - 108 = -5*x, -174 = -5*x - y. Calculate the remainder when 190 is divided by x.
15
Let v(m) be the second derivative of m**4/2 + m**3/3 + m**2 - 2*m. What is the remainder when 5/((-2)/(-68)*(4 - 2)) is divided by v(-2)?
19
Suppose 0 = -5*s + 589 - 209. Suppose -2*n - s = -4*z, -2*z - 5*n + 10*n + 54 = 0. What is the remainder when z is divided by 10?
7
Let x(j) = j**3 - 13*j**2 - 12*j - 6. Suppose 3*g - 2*h - 34 = 0, 5*h = -g - 0*g + 34. Calculate the remainder when 85 is divided by x(g).
19
Suppose 0 = 5*b + 2*q + 121, -5*q - 14 = 1. Let d = b - -25. Suppose -9 = -2*i - d*y + 11, -4*y = -i. What is the remainder when 13 is divided by i?
5
Let c = 65 - 60. Let r = -25 - -30. What is the remainder when r is divided by c?
0
Suppose -3*y - 2*y = -135. Calculate the remainder when 88/36 - 2 - 9308/(-117) is divided by y.
26
Let w(l) = 4 + 5*l**2 - l**2 - 5*l**2 + l**3 + 6*l**2. Let x be w(-5). Let j = 25 + x. Calculate the remainder when 86 is divided by j.
28
Suppose 234 = -4*d + 34. Let p = d + 57. What is the remainder when 11 is divided by p?
4
Let k(r) = r - 21 - 42 + 8*r - 3*r. Calculate the remainder when 144 is divided by k(14).
18
Suppose 4*l - b = 24 - 10, -3*b = 4*l - 6. Calculate the remainder when 9 is divided by l.
0
Let s = -167 + 273. Calculate the remainder when s is divided by 27.
25
Let j = 189 - 65. Calculate the remainder when j is divided by 63.
61
Let q be (-2 - 0) + (-64)/(-2). Suppose 8*w + q = 13*w. Calculate the remainder when 15 is divided by w.
3
Let d(s) = 9*s + 82. What is the remainder when 69 is divided by d(-8)?
9
Suppose 0 = -4*m + 3*s + 293, 4*m - 297 = 58*s - 59*s. Let p(g) = 3*g**2 - 3*g + 2. Calculate the remainder when m is divided by p(3).
14
Suppose -58*l + 156 = -54*l. Calculate the remainder when 193 is divided by l.
37
Let b be (-1 + 10)*10/3. Suppose b - 1 = o. Suppose -2*g = -8*g + 48. Calculate the remainder when o is divided by g.
5
Let p(h) = h - 19. Let v be p(0). Let t(o) = o**2 - 9*o + 55. Calculate the remainder when t(0) is divided by v*1/(-1 - 0).
17
Let y be (-5)/(20/(-22))*6. Let x = 38 - y. What is the remainder when 13 is divided by x?
3
Calculate the remainder when 11 is divided by 45/6*(-20)/(-25).
5
Let x = -5 - -9. Let d be 13/3 + (-3)/9. What is the remainder when x is divided by (-1)/d + 54/24?
0
Let y(f) be the second derivative of -f**3/6 + 11*f**2 + f. Let n(x) = -2*x**2 + 7*x - 3. Let a be n(3). Calculate the remainder when y(a) is divided by 12.
10
Suppose 7 = -k + 2*k. Suppose 4*c + 21 = k*c. Calculate the remainder when 4/(-2) - -4 - -23 is divided by c.
4
Suppose -424 = 416*i - 424*i. Let n(j) = -24*j - 2. What is the remainder when n(-11) is divided by i?
50
Let v(g) = g**2 + 16*g + 18. Let c be v(-15). Suppose 4*w - 18 = c*w. Calculate the remainder when w is divided by 12.
6
Suppose 3*a - 13*s + 8*s = 775, 4*a - 4*s = 1036. What is the remainder when a is divided by 33?
29
Suppose 62*v = 53*v + 13905. What is the remainder when v is divided by 13?
11
Suppose -11 = 5*s - 6*s. Calculate the remainder when 56 is divided by s.
1
Suppose 3*z - 4*p - 193 = 0, z - 5*p + p - 59 = 0. Let d = 148 - z. Suppose 71 = 4*g - d. Calculate the remainder when g is divided by 10.
8
Let l = 1 - 8. Let r be l*(-36)/(-14)*1. Let d = 23 + r. What is the remainder when 8 is divided by d?
3
Suppose 0 = -29*k + 14*k + 585. Calculate the remainder when 164 is divided by k.
8
Suppose -o + 30 = 4*i - 450, 2*i - o = 234. What is the remainder when i is divided by 12?
11
Let s = 61 + -41. Let m = 243 + -145. Calculate the remainder when m is divided by s.
18
Let j = 87 - 41. Suppose -u + j - 6 = 0. Calculate the remainder when u is divided by 21.
19
Let m = 40 - 28. Let k(q) = 2*q**2 - 16*q + 5. Suppose 0 = -4*w - 4, 6 = i + 2*w + w. Calculate the remainder when k(i) is divided by m.
11
Let y = 33 + -19. Let a(t) = t**2 + 6 - 2*t**2 - 9 - y*t. Calculate the remainder when a(-12) is divided by 12.
9
Suppose 5*k = 40 + 20. Calculate the remainder when 450/(-12)*(-330)/275 is divided by k.
9
Let a be (-3 - -3)/(2 + 0). Calculate the remainder when -61*2/4*-2 is divided by a - 2 - (-299)/13.
19
Calculate the remainder when (10104/(-9))/(-8) + 4/(-3) is divided by 63.
13
Suppose f = 4*y - 187, y + 4*f - 97 = -29. Suppose 18 = 3*g - y. Suppose 430 = 5*s - 0*s. Calculate the remainder when s is divided by g.
20
Let i = 17 + -12. Suppose -5*p - 5 = i, x = -4*p + 1. Calculate the remainder when 34 is divided by x.
7
Suppose -s = -2*q + 119, -3*q = 2*q + 3*s - 292. Calculate the remainder when 225 is divided by q.
48
Suppose -12*f = -601 + 49. What is the remainder when f is divided by 12?
10
Suppose 13*x - 92 = -1. What is the remainder when (-8)/4 + (24 - -3) is divided by x?
4
Suppose 0 = -14*h + 3611 - 1427. Calculate the remainder when h is divided by 49.
9
Let v(j) = -j**3 - 32*j**2 - j - 30. Let g be v(-32). Suppose 9*o - 528 = -g*o. Calculate the remainder when 335 is divided by o.
47
Let v(g) = 3*g**2 + 4*g - 1. Let n(j) = -j**3 - 5*j**2 - 4*j - 10. Calculate the remainder when v(3) is divided by n(-5).
8
Let w(b) = 6*b - 4. Let o be 44/(-6) - 8/(-24). Let f(g) = g**3 + 7*g**2 - 3*g - 2. Calculate the remainder when w(10) is divided by f(o).
18
Let l(s) = 9*s - 3. Suppose 0*w = -3*w. Suppose w = 3*p + 10 - 37. What is the remainder when l(2) is divided by p?
6
Suppose -2*g - 3*g = -65. Let b be (-183)/5 + 39/65. Let l = 60 + b. Calculate the remainder when l is divided by g.
11
Suppose a - 15*g = -10*g + 51, 3*a - g = 111. Calculate the remainder when 213 is divided by a.
33
Suppose 0 = s + 3*s - 48. Suppose h - 3 - s = 0. Suppose 2*c - h = -3*d, -2*d = -2*c + 4*c - 16. Calculate the remainder when c is divided by 6.
3
Let v = -206 + 238. Calculate the remainder when v is divided by 19.
13
Suppose m + 1230 = 4*n, 4*m + 620 = -n - 4300. Suppose -3 = -i + 14. Calculate the remainder when m/(-40) + (-1)/(-4) is divided by i.
14
Let q = 3 - -1. Let g(h) = -h + 2*h**2 + q - 3*h**2 + 3*h**2. Calculate the remainder when 39 is divided by g(2).
9
Let q = -135 - -84. What is the remainder when (15/9 - 2)*q is divided by (6 + 9/3)*5/5?
8
Let y be 29/3*(-6)/2. Suppose -261 = -5*a + 64. Let d = a + y. Calculate the remainder when d is divided by 13.
10
Suppose -q + 4*q = 3*b - 3, b + 5 = 3*q. Calculate t